{"version":"1.0","provider_name":"lucernatv.cz","provider_url":"https:\/\/www.lucernatv.cz","author_name":"lucernatvc","author_url":"https:\/\/www.lucernatv.cz\/index.php\/author\/lucernatvc\/","title":"Ostravsk\u00e9 kulturn\u00ed stopy - Architekt Ivo Klime\u0161 - lucernatv.cz","type":"rich","width":600,"height":338,"html":"<blockquote class=\"wp-embedded-content\" data-secret=\"GAM0TkTyqI\"><a href=\"https:\/\/www.lucernatv.cz\/index.php\/2025\/12\/31\/ostravske-kulturni-stopy-architekt-ivo-klimes\/\">Ostravsk\u00e9 kulturn\u00ed stopy &#8211; Architekt Ivo Klime\u0161<\/a><\/blockquote><iframe sandbox=\"allow-scripts\" security=\"restricted\" src=\"https:\/\/www.lucernatv.cz\/index.php\/2025\/12\/31\/ostravske-kulturni-stopy-architekt-ivo-klimes\/embed\/#?secret=GAM0TkTyqI\" width=\"600\" height=\"338\" title=\"&#8222;Ostravsk\u00e9 kulturn\u00ed stopy &#8211; Architekt Ivo Klime\u0161&#8220; &#8212; lucernatv.cz\" data-secret=\"GAM0TkTyqI\" frameborder=\"0\" marginwidth=\"0\" marginheight=\"0\" scrolling=\"no\" class=\"wp-embedded-content\"><\/iframe><script type=\"text\/javascript\">\n\/*! This file is auto-generated *\/\n!function(c,d){\"use strict\";var e=!1,o=!1;if(d.querySelector)if(c.addEventListener)e=!0;if(c.wp=c.wp||{},c.wp.receiveEmbedMessage);else if(c.wp.receiveEmbedMessage=function(e){var t=e.data;if(!t);else if(!(t.secret||t.message||t.value));else if(\/[^a-zA-Z0-9]\/.test(t.secret));else{for(var r,s,a,i=d.querySelectorAll('iframe[data-secret=\"'+t.secret+'\"]'),n=d.querySelectorAll('blockquote[data-secret=\"'+t.secret+'\"]'),o=new RegExp(\"^https?:$\",\"i\"),l=0;l<n.length;l++)n[l].style.display=\"none\";for(l=0;l<i.length;l++)if(r=i[l],e.source!==r.contentWindow);else{if(r.removeAttribute(\"style\"),\"height\"===t.message){if(1e3<(s=parseInt(t.value,10)))s=1e3;else if(~~s<200)s=200;r.height=s}if(\"link\"===t.message)if(s=d.createElement(\"a\"),a=d.createElement(\"a\"),s.href=r.getAttribute(\"src\"),a.href=t.value,!o.test(a.protocol));else if(a.host===s.host)if(d.activeElement===r)c.top.location.href=t.value}}},e)c.addEventListener(\"message\",c.wp.receiveEmbedMessage,!1),d.addEventListener(\"DOMContentLoaded\",t,!1),c.addEventListener(\"load\",t,!1);function t(){if(o);else{o=!0;for(var e,t,r,s=-1!==navigator.appVersion.indexOf(\"MSIE 10\"),a=!!navigator.userAgent.match(\/Trident.*rv:11\\.\/),i=d.querySelectorAll(\"iframe.wp-embedded-content\"),n=0;n<i.length;n++){if(!(r=(t=i[n]).getAttribute(\"data-secret\")))r=Math.random().toString(36).substr(2,10),t.src+=\"#?secret=\"+r,t.setAttribute(\"data-secret\",r);if(s||a)(e=t.cloneNode(!0)).removeAttribute(\"security\"),t.parentNode.replaceChild(e,t);t.contentWindow.postMessage({message:\"ready\",secret:r},\"*\")}}}}(window,document);\n<\/script>\n","thumbnail_url":"https:\/\/www.lucernatv.cz\/wp-content\/uploads\/2025\/12\/oQIDL2axH6k.jpg","thumbnail_width":480,"thumbnail_height":360,"description":"Skulptur\u00e1ln\u00ed plastika, vynikaj\u00edc\u00ed p\u0159\u00edklad brutalismu \u2013 i takto hovo\u0159\u00ed o dostavb\u011b ostravsk\u00e9ho divadla Anton\u00edna Dvo\u0159\u00e1ka z d\u00edlny architekta Iva Klime\u0161e historik um\u011bn\u00ed Martin Strako\u0161 a architektka Eva \u0160pa\u010dkov\u00e1. Pod\u00edvejte se na dokument s \u0159adou unik\u00e1tn\u00edch dobov\u00fdch z\u00e1b\u011br\u016f, skic i sou\u010dasn\u00fdch dronov\u00fdch pohled\u016f, kter\u00e9 zachycuj\u00ed jeho jedine\u010dn\u00e9 ostravsk\u00e9 realizace \u2013 pat\u0159\u00ed mezi n\u011b jak brutalistn\u00ed dostavba&hellip;&nbsp;\u010c\u00edst d\u00e1le &raquo;"}

Ostravské kulturní stopy - Architekt Ivo Klimeš - lucernatv.cz

<blockquote class="wp-embedded-content" data-secret="GAM0TkTyqI"><a href="https://www.lucernatv.cz/index.php/2025/12/31/ostravske-kulturni-stopy-architekt-ivo-klimes/">Ostravské kulturní stopy &#8211; Architekt Ivo Klimeš</a></blockquote><iframe sandbox="allow-scripts" security="restricted" src="https://www.lucernatv.cz/index.php/2025/12/31/ostravske-kulturni-stopy-architekt-ivo-klimes/embed/#?secret=GAM0TkTyqI" width="600" height="338" title="&#8222;Ostravské kulturní stopy &#8211; Architekt Ivo Klimeš&#8220; &#8212; lucernatv.cz" data-secret="GAM0TkTyqI" frameborder="0" marginwidth="0" marginheight="0" scrolling="no" class="wp-embedded-content"></iframe><script type="text/javascript">
/*! This file is auto-generated */
!function(c,d){"use strict";var e=!1,o=!1;if(d.querySelector)if(c.addEventListener)e=!0;if(c.wp=c.wp||{},c.wp.receiveEmbedMessage);else if(c.wp.receiveEmbedMessage=function(e){var t=e.data;if(!t);else if(!(t.secret||t.message||t.value));else if(/[^a-zA-Z0-9]/.test(t.secret));else{for(var r,s,a,i=d.querySelectorAll('iframe[data-secret="'+t.secret+'"]'),n=d.querySelectorAll('blockquote[data-secret="'+t.secret+'"]'),o=new RegExp("^https?:$","i"),l=0;l<n.length;l++)n[l].style.display="none";for(l=0;l<i.length;l++)if(r=i[l],e.source!==r.contentWindow);else{if(r.removeAttribute("style"),"height"===t.message){if(1e3<(s=parseInt(t.value,10)))s=1e3;else if(~~s<200)s=200;r.height=s}if("link"===t.message)if(s=d.createElement("a"),a=d.createElement("a"),s.href=r.getAttribute("src"),a.href=t.value,!o.test(a.protocol));else if(a.host===s.host)if(d.activeElement===r)c.top.location.href=t.value}}},e)c.addEventListener("message",c.wp.receiveEmbedMessage,!1),d.addEventListener("DOMContentLoaded",t,!1),c.addEventListener("load",t,!1);function t(){if(o);else{o=!0;for(var e,t,r,s=-1!==navigator.appVersion.indexOf("MSIE 10"),a=!!navigator.userAgent.match(/Trident.*rv:11\./),i=d.querySelectorAll("iframe.wp-embedded-content"),n=0;n<i.length;n++){if(!(r=(t=i[n]).getAttribute("data-secret")))r=Math.random().toString(36).substr(2,10),t.src+="#?secret="+r,t.setAttribute("data-secret",r);if(s||a)(e=t.cloneNode(!0)).removeAttribute("security"),t.parentNode.replaceChild(e,t);t.contentWindow.postMessage({message:"ready",secret:r},"*")}}}}(window,document);
</script>

Skulpturální plastika, vynikající příklad brutalismu – i takto hovoří o dostavbě ostravského divadla Antonína Dvořáka z dílny architekta Iva Klimeše historik umění Martin Strakoš a architektka Eva Špačková. Podívejte se na dokument s řadou unikátních dobových záběrů, skic i současných dronových pohledů, které zachycují jeho jedinečné ostravské realizace – patří mezi ně jak brutalistní dostavba&hellip;&nbsp;Číst dále &raquo;
