{"version":"1.0","provider_name":"lucernatv.cz","provider_url":"https:\/\/www.lucernatv.cz","author_name":"lucernatvc","author_url":"https:\/\/www.lucernatv.cz\/index.php\/author\/lucernatvc\/","title":"Fiducia on-line \u2013 Jakub \u010cu\u0161ka: Dreams Are Bigger - lucernatv.cz","type":"rich","width":600,"height":338,"html":"<blockquote class=\"wp-embedded-content\" data-secret=\"IxVOaC8tvS\"><a href=\"https:\/\/www.lucernatv.cz\/index.php\/2024\/03\/27\/fiducia-on-line-jakub-cuska-dreams-are-bigger\/\">Fiducia on-line \u2013 Jakub \u010cu\u0161ka: Dreams Are Bigger<\/a><\/blockquote><iframe sandbox=\"allow-scripts\" security=\"restricted\" src=\"https:\/\/www.lucernatv.cz\/index.php\/2024\/03\/27\/fiducia-on-line-jakub-cuska-dreams-are-bigger\/embed\/#?secret=IxVOaC8tvS\" width=\"600\" height=\"338\" title=\"&#8222;Fiducia on-line \u2013 Jakub \u010cu\u0161ka: Dreams Are Bigger&#8220; &#8212; lucernatv.cz\" data-secret=\"IxVOaC8tvS\" frameborder=\"0\" marginwidth=\"0\" marginheight=\"0\" scrolling=\"no\" class=\"wp-embedded-content\"><\/iframe><script type=\"text\/javascript\">\n\/*! This file is auto-generated *\/\n!function(c,d){\"use strict\";var e=!1,o=!1;if(d.querySelector)if(c.addEventListener)e=!0;if(c.wp=c.wp||{},c.wp.receiveEmbedMessage);else if(c.wp.receiveEmbedMessage=function(e){var t=e.data;if(!t);else if(!(t.secret||t.message||t.value));else if(\/[^a-zA-Z0-9]\/.test(t.secret));else{for(var r,s,a,i=d.querySelectorAll('iframe[data-secret=\"'+t.secret+'\"]'),n=d.querySelectorAll('blockquote[data-secret=\"'+t.secret+'\"]'),o=new RegExp(\"^https?:$\",\"i\"),l=0;l<n.length;l++)n[l].style.display=\"none\";for(l=0;l<i.length;l++)if(r=i[l],e.source!==r.contentWindow);else{if(r.removeAttribute(\"style\"),\"height\"===t.message){if(1e3<(s=parseInt(t.value,10)))s=1e3;else if(~~s<200)s=200;r.height=s}if(\"link\"===t.message)if(s=d.createElement(\"a\"),a=d.createElement(\"a\"),s.href=r.getAttribute(\"src\"),a.href=t.value,!o.test(a.protocol));else if(a.host===s.host)if(d.activeElement===r)c.top.location.href=t.value}}},e)c.addEventListener(\"message\",c.wp.receiveEmbedMessage,!1),d.addEventListener(\"DOMContentLoaded\",t,!1),c.addEventListener(\"load\",t,!1);function t(){if(o);else{o=!0;for(var e,t,r,s=-1!==navigator.appVersion.indexOf(\"MSIE 10\"),a=!!navigator.userAgent.match(\/Trident.*rv:11\\.\/),i=d.querySelectorAll(\"iframe.wp-embedded-content\"),n=0;n<i.length;n++){if(!(r=(t=i[n]).getAttribute(\"data-secret\")))r=Math.random().toString(36).substr(2,10),t.src+=\"#?secret=\"+r,t.setAttribute(\"data-secret\",r);if(s||a)(e=t.cloneNode(!0)).removeAttribute(\"security\"),t.parentNode.replaceChild(e,t);t.contentWindow.postMessage({message:\"ready\",secret:r},\"*\")}}}}(window,document);\n<\/script>\n","thumbnail_url":"https:\/\/www.lucernatv.cz\/wp-content\/uploads\/2024\/03\/lpRjSB6lAo4.jpg","thumbnail_width":1280,"thumbnail_height":720,"description":"Slovo kur\u00e1tora a slovo autora k v\u00fdstav\u011b v ostravsk\u00e9 Galerii Dole. V tvorb\u011b olomouck\u00e9ho mal\u00ed\u0159e Jakuba \u010cu\u0161ky (*1989) dominuje procesu\u00e1lnost v nakl\u00e1d\u00e1n\u00ed s m\u00e9diem malby. D\u016fle\u017eitou roli p\u0159itom hraje n\u00e1hoda a improvizace. A\u010dkoli se na obrazech \u010dasto objevuje lidsk\u00e1 figura, nejde prim\u00e1rn\u011b o ni samotnou. Autor ji poj\u00edm\u00e1 sp\u00ed\u0161e jako znak \u010di symbol, jeho\u017e prost\u0159ednictv\u00edm&hellip;&nbsp;\u010c\u00edst d\u00e1le &raquo;"}

Fiducia on-line – Jakub Čuška: Dreams Are Bigger - lucernatv.cz

<blockquote class="wp-embedded-content" data-secret="IxVOaC8tvS"><a href="https://www.lucernatv.cz/index.php/2024/03/27/fiducia-on-line-jakub-cuska-dreams-are-bigger/">Fiducia on-line – Jakub Čuška: Dreams Are Bigger</a></blockquote><iframe sandbox="allow-scripts" security="restricted" src="https://www.lucernatv.cz/index.php/2024/03/27/fiducia-on-line-jakub-cuska-dreams-are-bigger/embed/#?secret=IxVOaC8tvS" width="600" height="338" title="&#8222;Fiducia on-line – Jakub Čuška: Dreams Are Bigger&#8220; &#8212; lucernatv.cz" data-secret="IxVOaC8tvS" frameborder="0" marginwidth="0" marginheight="0" scrolling="no" class="wp-embedded-content"></iframe><script type="text/javascript">
/*! This file is auto-generated */
!function(c,d){"use strict";var e=!1,o=!1;if(d.querySelector)if(c.addEventListener)e=!0;if(c.wp=c.wp||{},c.wp.receiveEmbedMessage);else if(c.wp.receiveEmbedMessage=function(e){var t=e.data;if(!t);else if(!(t.secret||t.message||t.value));else if(/[^a-zA-Z0-9]/.test(t.secret));else{for(var r,s,a,i=d.querySelectorAll('iframe[data-secret="'+t.secret+'"]'),n=d.querySelectorAll('blockquote[data-secret="'+t.secret+'"]'),o=new RegExp("^https?:$","i"),l=0;l<n.length;l++)n[l].style.display="none";for(l=0;l<i.length;l++)if(r=i[l],e.source!==r.contentWindow);else{if(r.removeAttribute("style"),"height"===t.message){if(1e3<(s=parseInt(t.value,10)))s=1e3;else if(~~s<200)s=200;r.height=s}if("link"===t.message)if(s=d.createElement("a"),a=d.createElement("a"),s.href=r.getAttribute("src"),a.href=t.value,!o.test(a.protocol));else if(a.host===s.host)if(d.activeElement===r)c.top.location.href=t.value}}},e)c.addEventListener("message",c.wp.receiveEmbedMessage,!1),d.addEventListener("DOMContentLoaded",t,!1),c.addEventListener("load",t,!1);function t(){if(o);else{o=!0;for(var e,t,r,s=-1!==navigator.appVersion.indexOf("MSIE 10"),a=!!navigator.userAgent.match(/Trident.*rv:11\./),i=d.querySelectorAll("iframe.wp-embedded-content"),n=0;n<i.length;n++){if(!(r=(t=i[n]).getAttribute("data-secret")))r=Math.random().toString(36).substr(2,10),t.src+="#?secret="+r,t.setAttribute("data-secret",r);if(s||a)(e=t.cloneNode(!0)).removeAttribute("security"),t.parentNode.replaceChild(e,t);t.contentWindow.postMessage({message:"ready",secret:r},"*")}}}}(window,document);
</script>

Slovo kurátora a slovo autora k výstavě v ostravské Galerii Dole. V tvorbě olomouckého malíře Jakuba Čušky (*1989) dominuje procesuálnost v nakládání s médiem malby. Důležitou roli přitom hraje náhoda a improvizace. Ačkoli se na obrazech často objevuje lidská figura, nejde primárně o ni samotnou. Autor ji pojímá spíše jako znak či symbol, jehož prostřednictvím&hellip;&nbsp;Číst dále &raquo;
