{"version":"1.0","provider_name":"lucernatv.cz","provider_url":"https:\/\/www.lucernatv.cz","author_name":"lucernatvc","author_url":"https:\/\/www.lucernatv.cz\/index.php\/author\/lucernatvc\/","title":"Fiducia on-line \u2013 Tom\u00e1\u0161 Kure\u010dka: \u00dadol\u00ed - lucernatv.cz","type":"rich","width":600,"height":338,"html":"<blockquote class=\"wp-embedded-content\" data-secret=\"9IGSEHdxAd\"><a href=\"https:\/\/www.lucernatv.cz\/index.php\/2023\/05\/23\/fiducia-on-line-tomas-kurecka-udoli\/\">Fiducia on-line \u2013 Tom\u00e1\u0161 Kure\u010dka: \u00dadol\u00ed<\/a><\/blockquote><iframe sandbox=\"allow-scripts\" security=\"restricted\" src=\"https:\/\/www.lucernatv.cz\/index.php\/2023\/05\/23\/fiducia-on-line-tomas-kurecka-udoli\/embed\/#?secret=9IGSEHdxAd\" width=\"600\" height=\"338\" title=\"&#8222;Fiducia on-line \u2013 Tom\u00e1\u0161 Kure\u010dka: \u00dadol\u00ed&#8220; &#8212; lucernatv.cz\" data-secret=\"9IGSEHdxAd\" frameborder=\"0\" marginwidth=\"0\" marginheight=\"0\" scrolling=\"no\" class=\"wp-embedded-content\"><\/iframe><script type=\"text\/javascript\">\n\/*! This file is auto-generated *\/\n!function(c,d){\"use strict\";var e=!1,o=!1;if(d.querySelector)if(c.addEventListener)e=!0;if(c.wp=c.wp||{},c.wp.receiveEmbedMessage);else if(c.wp.receiveEmbedMessage=function(e){var t=e.data;if(!t);else if(!(t.secret||t.message||t.value));else if(\/[^a-zA-Z0-9]\/.test(t.secret));else{for(var r,s,a,i=d.querySelectorAll('iframe[data-secret=\"'+t.secret+'\"]'),n=d.querySelectorAll('blockquote[data-secret=\"'+t.secret+'\"]'),o=new RegExp(\"^https?:$\",\"i\"),l=0;l<n.length;l++)n[l].style.display=\"none\";for(l=0;l<i.length;l++)if(r=i[l],e.source!==r.contentWindow);else{if(r.removeAttribute(\"style\"),\"height\"===t.message){if(1e3<(s=parseInt(t.value,10)))s=1e3;else if(~~s<200)s=200;r.height=s}if(\"link\"===t.message)if(s=d.createElement(\"a\"),a=d.createElement(\"a\"),s.href=r.getAttribute(\"src\"),a.href=t.value,!o.test(a.protocol));else if(a.host===s.host)if(d.activeElement===r)c.top.location.href=t.value}}},e)c.addEventListener(\"message\",c.wp.receiveEmbedMessage,!1),d.addEventListener(\"DOMContentLoaded\",t,!1),c.addEventListener(\"load\",t,!1);function t(){if(o);else{o=!0;for(var e,t,r,s=-1!==navigator.appVersion.indexOf(\"MSIE 10\"),a=!!navigator.userAgent.match(\/Trident.*rv:11\\.\/),i=d.querySelectorAll(\"iframe.wp-embedded-content\"),n=0;n<i.length;n++){if(!(r=(t=i[n]).getAttribute(\"data-secret\")))r=Math.random().toString(36).substr(2,10),t.src+=\"#?secret=\"+r,t.setAttribute(\"data-secret\",r);if(s||a)(e=t.cloneNode(!0)).removeAttribute(\"security\"),t.parentNode.replaceChild(e,t);t.contentWindow.postMessage({message:\"ready\",secret:r},\"*\")}}}}(window,document);\n<\/script>\n","thumbnail_url":"https:\/\/www.lucernatv.cz\/wp-content\/uploads\/2023\/05\/M3SOygIhywQ.jpg","thumbnail_width":1280,"thumbnail_height":720,"description":"Slovo kur\u00e1tora Martina Mikol\u00e1\u0161ka a slovo autora k v\u00fdstav\u011b v ostravsk\u00e9 Galerii Dole. Tom\u00e1\u0161 Kure\u010dka (*1994 ve Fr\u00fddku-M\u00edstku) absolvoval pra\u017eskou AVU v roce 2020 v Intermedi\u00e1ln\u00edm ateli\u00e9ru Mileny Dopitov\u00e9 (je\u0161t\u011b p\u0159ed t\u00edm ale kr\u00e1tce pro\u0161el ateli\u00e9rem Ji\u0159\u00edho Sur\u016fvky na Fakult\u011b um\u011bn\u00ed Ostravsk\u00e9 univerzity a tak\u00e9 ateli\u00e9ry Milana Kn\u00ed\u017e\u00e1ka a Ji\u0159\u00edho Sopka na AVU). Ve sv\u00e9&hellip;&nbsp;\u010c\u00edst d\u00e1le &raquo;"}

Fiducia on-line – Tomáš Kurečka: Údolí - lucernatv.cz

<blockquote class="wp-embedded-content" data-secret="9IGSEHdxAd"><a href="https://www.lucernatv.cz/index.php/2023/05/23/fiducia-on-line-tomas-kurecka-udoli/">Fiducia on-line – Tomáš Kurečka: Údolí</a></blockquote><iframe sandbox="allow-scripts" security="restricted" src="https://www.lucernatv.cz/index.php/2023/05/23/fiducia-on-line-tomas-kurecka-udoli/embed/#?secret=9IGSEHdxAd" width="600" height="338" title="&#8222;Fiducia on-line – Tomáš Kurečka: Údolí&#8220; &#8212; lucernatv.cz" data-secret="9IGSEHdxAd" frameborder="0" marginwidth="0" marginheight="0" scrolling="no" class="wp-embedded-content"></iframe><script type="text/javascript">
/*! This file is auto-generated */
!function(c,d){"use strict";var e=!1,o=!1;if(d.querySelector)if(c.addEventListener)e=!0;if(c.wp=c.wp||{},c.wp.receiveEmbedMessage);else if(c.wp.receiveEmbedMessage=function(e){var t=e.data;if(!t);else if(!(t.secret||t.message||t.value));else if(/[^a-zA-Z0-9]/.test(t.secret));else{for(var r,s,a,i=d.querySelectorAll('iframe[data-secret="'+t.secret+'"]'),n=d.querySelectorAll('blockquote[data-secret="'+t.secret+'"]'),o=new RegExp("^https?:$","i"),l=0;l<n.length;l++)n[l].style.display="none";for(l=0;l<i.length;l++)if(r=i[l],e.source!==r.contentWindow);else{if(r.removeAttribute("style"),"height"===t.message){if(1e3<(s=parseInt(t.value,10)))s=1e3;else if(~~s<200)s=200;r.height=s}if("link"===t.message)if(s=d.createElement("a"),a=d.createElement("a"),s.href=r.getAttribute("src"),a.href=t.value,!o.test(a.protocol));else if(a.host===s.host)if(d.activeElement===r)c.top.location.href=t.value}}},e)c.addEventListener("message",c.wp.receiveEmbedMessage,!1),d.addEventListener("DOMContentLoaded",t,!1),c.addEventListener("load",t,!1);function t(){if(o);else{o=!0;for(var e,t,r,s=-1!==navigator.appVersion.indexOf("MSIE 10"),a=!!navigator.userAgent.match(/Trident.*rv:11\./),i=d.querySelectorAll("iframe.wp-embedded-content"),n=0;n<i.length;n++){if(!(r=(t=i[n]).getAttribute("data-secret")))r=Math.random().toString(36).substr(2,10),t.src+="#?secret="+r,t.setAttribute("data-secret",r);if(s||a)(e=t.cloneNode(!0)).removeAttribute("security"),t.parentNode.replaceChild(e,t);t.contentWindow.postMessage({message:"ready",secret:r},"*")}}}}(window,document);
</script>

Slovo kurátora Martina Mikoláška a slovo autora k výstavě v ostravské Galerii Dole. Tomáš Kurečka (*1994 ve Frýdku-Místku) absolvoval pražskou AVU v roce 2020 v Intermediálním ateliéru Mileny Dopitové (ještě před tím ale krátce prošel ateliérem Jiřího Surůvky na Fakultě umění Ostravské univerzity a také ateliéry Milana Knížáka a Jiřího Sopka na AVU). Ve své&hellip;&nbsp;Číst dále &raquo;
