{"version":"1.0","provider_name":"lucernatv.cz","provider_url":"https:\/\/www.lucernatv.cz","author_name":"lucernatvc","author_url":"https:\/\/www.lucernatv.cz\/index.php\/author\/lucernatvc\/","title":"Fiducia on-line \u2013 Sofie \u0160vejdov\u00e1: Bless the fire - lucernatv.cz","type":"rich","width":600,"height":338,"html":"<blockquote class=\"wp-embedded-content\" data-secret=\"p9oXJo2byc\"><a href=\"https:\/\/www.lucernatv.cz\/index.php\/2021\/05\/28\/fiducia-on-line-sofie-svejdova-bless-the-fire\/\">Fiducia on-line \u2013 Sofie \u0160vejdov\u00e1: Bless the fire<\/a><\/blockquote><iframe sandbox=\"allow-scripts\" security=\"restricted\" src=\"https:\/\/www.lucernatv.cz\/index.php\/2021\/05\/28\/fiducia-on-line-sofie-svejdova-bless-the-fire\/embed\/#?secret=p9oXJo2byc\" width=\"600\" height=\"338\" title=\"&#8222;Fiducia on-line \u2013 Sofie \u0160vejdov\u00e1: Bless the fire&#8220; &#8212; lucernatv.cz\" data-secret=\"p9oXJo2byc\" frameborder=\"0\" marginwidth=\"0\" marginheight=\"0\" scrolling=\"no\" class=\"wp-embedded-content\"><\/iframe><script type=\"text\/javascript\">\n\/*! This file is auto-generated *\/\n!function(c,d){\"use strict\";var e=!1,o=!1;if(d.querySelector)if(c.addEventListener)e=!0;if(c.wp=c.wp||{},c.wp.receiveEmbedMessage);else if(c.wp.receiveEmbedMessage=function(e){var t=e.data;if(!t);else if(!(t.secret||t.message||t.value));else if(\/[^a-zA-Z0-9]\/.test(t.secret));else{for(var r,s,a,i=d.querySelectorAll('iframe[data-secret=\"'+t.secret+'\"]'),n=d.querySelectorAll('blockquote[data-secret=\"'+t.secret+'\"]'),o=new RegExp(\"^https?:$\",\"i\"),l=0;l<n.length;l++)n[l].style.display=\"none\";for(l=0;l<i.length;l++)if(r=i[l],e.source!==r.contentWindow);else{if(r.removeAttribute(\"style\"),\"height\"===t.message){if(1e3<(s=parseInt(t.value,10)))s=1e3;else if(~~s<200)s=200;r.height=s}if(\"link\"===t.message)if(s=d.createElement(\"a\"),a=d.createElement(\"a\"),s.href=r.getAttribute(\"src\"),a.href=t.value,!o.test(a.protocol));else if(a.host===s.host)if(d.activeElement===r)c.top.location.href=t.value}}},e)c.addEventListener(\"message\",c.wp.receiveEmbedMessage,!1),d.addEventListener(\"DOMContentLoaded\",t,!1),c.addEventListener(\"load\",t,!1);function t(){if(o);else{o=!0;for(var e,t,r,s=-1!==navigator.appVersion.indexOf(\"MSIE 10\"),a=!!navigator.userAgent.match(\/Trident.*rv:11\\.\/),i=d.querySelectorAll(\"iframe.wp-embedded-content\"),n=0;n<i.length;n++){if(!(r=(t=i[n]).getAttribute(\"data-secret\")))r=Math.random().toString(36).substr(2,10),t.src+=\"#?secret=\"+r,t.setAttribute(\"data-secret\",r);if(s||a)(e=t.cloneNode(!0)).removeAttribute(\"security\"),t.parentNode.replaceChild(e,t);t.contentWindow.postMessage({message:\"ready\",secret:r},\"*\")}}}}(window,document);\n<\/script>\n","thumbnail_url":"https:\/\/www.lucernatv.cz\/wp-content\/uploads\/2021\/05\/rPQGPtx8k58.jpg","thumbnail_width":1280,"thumbnail_height":720,"description":"Kur\u00e1torsk\u00e9 slovo a slovo autorky k v\u00fdstav\u011b v Galerii Dole. Sofie \u0160vejdov\u00e1 (*1990) absolvovala pra\u017eskou UMPRUM, ateli\u00e9r malby Stanislava Divi\u0161e a Ji\u0159\u00edho \u010cernick\u00e9ho. V posledn\u00ed dob\u011b je pro ni st\u00e1le typi\u010dt\u011bj\u0161\u00ed expresivn\u011b pojat\u00fd rukopis, v n\u011bm\u017e m\u00eds\u00ed abstraktn\u00ed tvaroslov\u00ed s mimetick\u00fdmi ozvuky pojat\u00fdmi n\u011bkdy s notnou d\u00e1vkou ironick\u00e9ho odstupu a jindy zas s p\u0159iznan\u00fdm hlubok\u00fdm&hellip;&nbsp;\u010c\u00edst d\u00e1le &raquo;"}

Fiducia on-line – Sofie Švejdová: Bless the fire - lucernatv.cz

<blockquote class="wp-embedded-content" data-secret="p9oXJo2byc"><a href="https://www.lucernatv.cz/index.php/2021/05/28/fiducia-on-line-sofie-svejdova-bless-the-fire/">Fiducia on-line – Sofie Švejdová: Bless the fire</a></blockquote><iframe sandbox="allow-scripts" security="restricted" src="https://www.lucernatv.cz/index.php/2021/05/28/fiducia-on-line-sofie-svejdova-bless-the-fire/embed/#?secret=p9oXJo2byc" width="600" height="338" title="&#8222;Fiducia on-line – Sofie Švejdová: Bless the fire&#8220; &#8212; lucernatv.cz" data-secret="p9oXJo2byc" frameborder="0" marginwidth="0" marginheight="0" scrolling="no" class="wp-embedded-content"></iframe><script type="text/javascript">
/*! This file is auto-generated */
!function(c,d){"use strict";var e=!1,o=!1;if(d.querySelector)if(c.addEventListener)e=!0;if(c.wp=c.wp||{},c.wp.receiveEmbedMessage);else if(c.wp.receiveEmbedMessage=function(e){var t=e.data;if(!t);else if(!(t.secret||t.message||t.value));else if(/[^a-zA-Z0-9]/.test(t.secret));else{for(var r,s,a,i=d.querySelectorAll('iframe[data-secret="'+t.secret+'"]'),n=d.querySelectorAll('blockquote[data-secret="'+t.secret+'"]'),o=new RegExp("^https?:$","i"),l=0;l<n.length;l++)n[l].style.display="none";for(l=0;l<i.length;l++)if(r=i[l],e.source!==r.contentWindow);else{if(r.removeAttribute("style"),"height"===t.message){if(1e3<(s=parseInt(t.value,10)))s=1e3;else if(~~s<200)s=200;r.height=s}if("link"===t.message)if(s=d.createElement("a"),a=d.createElement("a"),s.href=r.getAttribute("src"),a.href=t.value,!o.test(a.protocol));else if(a.host===s.host)if(d.activeElement===r)c.top.location.href=t.value}}},e)c.addEventListener("message",c.wp.receiveEmbedMessage,!1),d.addEventListener("DOMContentLoaded",t,!1),c.addEventListener("load",t,!1);function t(){if(o);else{o=!0;for(var e,t,r,s=-1!==navigator.appVersion.indexOf("MSIE 10"),a=!!navigator.userAgent.match(/Trident.*rv:11\./),i=d.querySelectorAll("iframe.wp-embedded-content"),n=0;n<i.length;n++){if(!(r=(t=i[n]).getAttribute("data-secret")))r=Math.random().toString(36).substr(2,10),t.src+="#?secret="+r,t.setAttribute("data-secret",r);if(s||a)(e=t.cloneNode(!0)).removeAttribute("security"),t.parentNode.replaceChild(e,t);t.contentWindow.postMessage({message:"ready",secret:r},"*")}}}}(window,document);
</script>

Kurátorské slovo a slovo autorky k výstavě v Galerii Dole. Sofie Švejdová (*1990) absolvovala pražskou UMPRUM, ateliér malby Stanislava Diviše a Jiřího Černického. V poslední době je pro ni stále typičtější expresivně pojatý rukopis, v němž mísí abstraktní tvarosloví s mimetickými ozvuky pojatými někdy s notnou dávkou ironického odstupu a jindy zas s přiznaným hlubokým&hellip;&nbsp;Číst dále &raquo;
