{"version":"1.0","provider_name":"lucernatv.cz","provider_url":"https:\/\/www.lucernatv.cz","author_name":"lucernatvc","author_url":"https:\/\/www.lucernatv.cz\/index.php\/author\/lucernatvc\/","title":"Visegr\u00e1dsk\u00e9 ateli\u00e9ry 2 \u2013 Vladim\u00edr Kova\u0159\u00edk - lucernatv.cz","type":"rich","width":600,"height":338,"html":"<blockquote class=\"wp-embedded-content\" data-secret=\"u5gb5T6Nvo\"><a href=\"https:\/\/www.lucernatv.cz\/index.php\/2021\/02\/12\/visegradske-ateliery-2-vladimir-kovarik\/\">Visegr\u00e1dsk\u00e9 ateli\u00e9ry 2 \u2013 Vladim\u00edr Kova\u0159\u00edk<\/a><\/blockquote><iframe sandbox=\"allow-scripts\" security=\"restricted\" src=\"https:\/\/www.lucernatv.cz\/index.php\/2021\/02\/12\/visegradske-ateliery-2-vladimir-kovarik\/embed\/#?secret=u5gb5T6Nvo\" width=\"600\" height=\"338\" title=\"&#8222;Visegr\u00e1dsk\u00e9 ateli\u00e9ry 2 \u2013 Vladim\u00edr Kova\u0159\u00edk&#8220; &#8212; lucernatv.cz\" data-secret=\"u5gb5T6Nvo\" frameborder=\"0\" marginwidth=\"0\" marginheight=\"0\" scrolling=\"no\" class=\"wp-embedded-content\"><\/iframe><script type=\"text\/javascript\">\n\/*! This file is auto-generated *\/\n!function(c,d){\"use strict\";var e=!1,o=!1;if(d.querySelector)if(c.addEventListener)e=!0;if(c.wp=c.wp||{},c.wp.receiveEmbedMessage);else if(c.wp.receiveEmbedMessage=function(e){var t=e.data;if(!t);else if(!(t.secret||t.message||t.value));else if(\/[^a-zA-Z0-9]\/.test(t.secret));else{for(var r,s,a,i=d.querySelectorAll('iframe[data-secret=\"'+t.secret+'\"]'),n=d.querySelectorAll('blockquote[data-secret=\"'+t.secret+'\"]'),o=new RegExp(\"^https?:$\",\"i\"),l=0;l<n.length;l++)n[l].style.display=\"none\";for(l=0;l<i.length;l++)if(r=i[l],e.source!==r.contentWindow);else{if(r.removeAttribute(\"style\"),\"height\"===t.message){if(1e3<(s=parseInt(t.value,10)))s=1e3;else if(~~s<200)s=200;r.height=s}if(\"link\"===t.message)if(s=d.createElement(\"a\"),a=d.createElement(\"a\"),s.href=r.getAttribute(\"src\"),a.href=t.value,!o.test(a.protocol));else if(a.host===s.host)if(d.activeElement===r)c.top.location.href=t.value}}},e)c.addEventListener(\"message\",c.wp.receiveEmbedMessage,!1),d.addEventListener(\"DOMContentLoaded\",t,!1),c.addEventListener(\"load\",t,!1);function t(){if(o);else{o=!0;for(var e,t,r,s=-1!==navigator.appVersion.indexOf(\"MSIE 10\"),a=!!navigator.userAgent.match(\/Trident.*rv:11\\.\/),i=d.querySelectorAll(\"iframe.wp-embedded-content\"),n=0;n<i.length;n++){if(!(r=(t=i[n]).getAttribute(\"data-secret\")))r=Math.random().toString(36).substr(2,10),t.src+=\"#?secret=\"+r,t.setAttribute(\"data-secret\",r);if(s||a)(e=t.cloneNode(!0)).removeAttribute(\"security\"),t.parentNode.replaceChild(e,t);t.contentWindow.postMessage({message:\"ready\",secret:r},\"*\")}}}}(window,document);\n<\/script>\n","thumbnail_url":"https:\/\/www.lucernatv.cz\/wp-content\/uploads\/2021\/02\/circles_a.jpeg","thumbnail_width":1500,"thumbnail_height":844,"description":"Ve druh\u00e9m d\u00edle cyklu n\u00e1v\u0161t\u011bv v&nbsp;ateli\u00e9rech autor\u016f visegr\u00e1dsk\u00e9ho okruhu, kter\u00fd p\u0159ipravujeme s&nbsp;revue Protimluv, z\u016fstaneme doma \u2013 na Morav\u011b v&nbsp;Uhersk\u00e9m Hradi\u0161ti, v&nbsp;Ma\u0159atic\u00edch\u2026 Vladim\u00edr Kova\u0159\u00edk o\u010dima Miroslava Zelinsk\u00e9ho Dnes se potk\u00e1me s&nbsp;autorem, kter\u00fd je rozkro\u010den mezi n\u011bkolika v\u00fdtvarn\u00fdmi profesemi na linii voln\u00e9 um\u011bn\u00ed a design. Leto\u0161n\u00ed p\u011btapades\u00e1tn\u00edk Vladim\u00edr Kova\u0159\u00edk, absolvent Vysok\u00e9 \u0161koly um\u011blecko-pr\u016fmyslov\u00e9 v Praze, je typem&hellip;&nbsp;\u010c\u00edst d\u00e1le &raquo;"}

Visegrádské ateliéry 2 – Vladimír Kovařík - lucernatv.cz

<blockquote class="wp-embedded-content" data-secret="u5gb5T6Nvo"><a href="https://www.lucernatv.cz/index.php/2021/02/12/visegradske-ateliery-2-vladimir-kovarik/">Visegrádské ateliéry 2 – Vladimír Kovařík</a></blockquote><iframe sandbox="allow-scripts" security="restricted" src="https://www.lucernatv.cz/index.php/2021/02/12/visegradske-ateliery-2-vladimir-kovarik/embed/#?secret=u5gb5T6Nvo" width="600" height="338" title="&#8222;Visegrádské ateliéry 2 – Vladimír Kovařík&#8220; &#8212; lucernatv.cz" data-secret="u5gb5T6Nvo" frameborder="0" marginwidth="0" marginheight="0" scrolling="no" class="wp-embedded-content"></iframe><script type="text/javascript">
/*! This file is auto-generated */
!function(c,d){"use strict";var e=!1,o=!1;if(d.querySelector)if(c.addEventListener)e=!0;if(c.wp=c.wp||{},c.wp.receiveEmbedMessage);else if(c.wp.receiveEmbedMessage=function(e){var t=e.data;if(!t);else if(!(t.secret||t.message||t.value));else if(/[^a-zA-Z0-9]/.test(t.secret));else{for(var r,s,a,i=d.querySelectorAll('iframe[data-secret="'+t.secret+'"]'),n=d.querySelectorAll('blockquote[data-secret="'+t.secret+'"]'),o=new RegExp("^https?:$","i"),l=0;l<n.length;l++)n[l].style.display="none";for(l=0;l<i.length;l++)if(r=i[l],e.source!==r.contentWindow);else{if(r.removeAttribute("style"),"height"===t.message){if(1e3<(s=parseInt(t.value,10)))s=1e3;else if(~~s<200)s=200;r.height=s}if("link"===t.message)if(s=d.createElement("a"),a=d.createElement("a"),s.href=r.getAttribute("src"),a.href=t.value,!o.test(a.protocol));else if(a.host===s.host)if(d.activeElement===r)c.top.location.href=t.value}}},e)c.addEventListener("message",c.wp.receiveEmbedMessage,!1),d.addEventListener("DOMContentLoaded",t,!1),c.addEventListener("load",t,!1);function t(){if(o);else{o=!0;for(var e,t,r,s=-1!==navigator.appVersion.indexOf("MSIE 10"),a=!!navigator.userAgent.match(/Trident.*rv:11\./),i=d.querySelectorAll("iframe.wp-embedded-content"),n=0;n<i.length;n++){if(!(r=(t=i[n]).getAttribute("data-secret")))r=Math.random().toString(36).substr(2,10),t.src+="#?secret="+r,t.setAttribute("data-secret",r);if(s||a)(e=t.cloneNode(!0)).removeAttribute("security"),t.parentNode.replaceChild(e,t);t.contentWindow.postMessage({message:"ready",secret:r},"*")}}}}(window,document);
</script>

Ve druhém díle cyklu návštěv v&nbsp;ateliérech autorů visegrádského okruhu, který připravujeme s&nbsp;revue Protimluv, zůstaneme doma – na Moravě v&nbsp;Uherském Hradišti, v&nbsp;Mařaticích… Vladimír Kovařík očima Miroslava Zelinského Dnes se potkáme s&nbsp;autorem, který je rozkročen mezi několika výtvarnými profesemi na linii volné umění a design. Letošní pětapadesátník Vladimír Kovařík, absolvent Vysoké školy umělecko-průmyslové v Praze, je typem&hellip;&nbsp;Číst dále &raquo;
