{"version":"1.0","provider_name":"lucernatv.cz","provider_url":"https:\/\/www.lucernatv.cz","author_name":"lucernatvc","author_url":"https:\/\/www.lucernatv.cz\/index.php\/author\/lucernatvc\/","title":"Jan Zaj\u00edc \u2013 pochode\u0144 \u010d. 2 - lucernatv.cz","type":"rich","width":600,"height":338,"html":"<blockquote class=\"wp-embedded-content\" data-secret=\"se4NvcD9iO\"><a href=\"https:\/\/www.lucernatv.cz\/index.php\/2021\/02\/12\/jan-zajic-pochoden-c-2\/\">Jan Zaj\u00edc \u2013 pochode\u0144 \u010d. 2<\/a><\/blockquote><iframe sandbox=\"allow-scripts\" security=\"restricted\" src=\"https:\/\/www.lucernatv.cz\/index.php\/2021\/02\/12\/jan-zajic-pochoden-c-2\/embed\/#?secret=se4NvcD9iO\" width=\"600\" height=\"338\" title=\"&#8222;Jan Zaj\u00edc \u2013 pochode\u0144 \u010d. 2&#8220; &#8212; lucernatv.cz\" data-secret=\"se4NvcD9iO\" frameborder=\"0\" marginwidth=\"0\" marginheight=\"0\" scrolling=\"no\" class=\"wp-embedded-content\"><\/iframe><script type=\"text\/javascript\">\n\/*! This file is auto-generated *\/\n!function(c,d){\"use strict\";var e=!1,o=!1;if(d.querySelector)if(c.addEventListener)e=!0;if(c.wp=c.wp||{},c.wp.receiveEmbedMessage);else if(c.wp.receiveEmbedMessage=function(e){var t=e.data;if(!t);else if(!(t.secret||t.message||t.value));else if(\/[^a-zA-Z0-9]\/.test(t.secret));else{for(var r,s,a,i=d.querySelectorAll('iframe[data-secret=\"'+t.secret+'\"]'),n=d.querySelectorAll('blockquote[data-secret=\"'+t.secret+'\"]'),o=new RegExp(\"^https?:$\",\"i\"),l=0;l<n.length;l++)n[l].style.display=\"none\";for(l=0;l<i.length;l++)if(r=i[l],e.source!==r.contentWindow);else{if(r.removeAttribute(\"style\"),\"height\"===t.message){if(1e3<(s=parseInt(t.value,10)))s=1e3;else if(~~s<200)s=200;r.height=s}if(\"link\"===t.message)if(s=d.createElement(\"a\"),a=d.createElement(\"a\"),s.href=r.getAttribute(\"src\"),a.href=t.value,!o.test(a.protocol));else if(a.host===s.host)if(d.activeElement===r)c.top.location.href=t.value}}},e)c.addEventListener(\"message\",c.wp.receiveEmbedMessage,!1),d.addEventListener(\"DOMContentLoaded\",t,!1),c.addEventListener(\"load\",t,!1);function t(){if(o);else{o=!0;for(var e,t,r,s=-1!==navigator.appVersion.indexOf(\"MSIE 10\"),a=!!navigator.userAgent.match(\/Trident.*rv:11\\.\/),i=d.querySelectorAll(\"iframe.wp-embedded-content\"),n=0;n<i.length;n++){if(!(r=(t=i[n]).getAttribute(\"data-secret\")))r=Math.random().toString(36).substr(2,10),t.src+=\"#?secret=\"+r,t.setAttribute(\"data-secret\",r);if(s||a)(e=t.cloneNode(!0)).removeAttribute(\"security\"),t.parentNode.replaceChild(e,t);t.contentWindow.postMessage({message:\"ready\",secret:r},\"*\")}}}}(window,document);\n<\/script>\n","thumbnail_url":"https:\/\/www.lucernatv.cz\/wp-content\/uploads\/2021\/02\/twe2FZmKBoI.jpg","thumbnail_width":1050,"thumbnail_height":576,"description":"Kr\u00e1tk\u00fd filmov\u00fd dokument z cyklu &#8222;Sami proti zlu&#8220; v\u011bnovan\u00fd v\u00fdznamn\u00fdm osobnostem Moravskoslezsk\u00e9ho kraje, jejich\u017e \u017eivoty byly zasa\u017eeny velk\u00fdmi d\u011bjinami. Tento d\u00edl je v\u011bnovan\u00fd tragick\u00e9mu p\u0159\u00edb\u011bhu Jana Zaj\u00edce (1950&#8211;1969). Svou koncepc\u00ed a kr\u00e1tkou stop\u00e1\u017e\u00ed je ur\u010den pro p\u0159\u00edm\u00e9 vyu\u017eit\u00ed ve vyu\u010dovac\u00ed hodin\u011b na z\u00e1kladn\u00ed \u010di st\u0159edn\u00ed \u0161kole. P\u0159\u00edb\u011bh pochodn\u011b \u010d. 2, n\u00e1sledovn\u00edka Jana Palacha, emotivn\u011b rozkr\u00fdvaj\u00ed&hellip;&nbsp;\u010c\u00edst d\u00e1le &raquo;"}

Jan Zajíc – pochodeń č. 2 - lucernatv.cz

<blockquote class="wp-embedded-content" data-secret="se4NvcD9iO"><a href="https://www.lucernatv.cz/index.php/2021/02/12/jan-zajic-pochoden-c-2/">Jan Zajíc – pochodeń č. 2</a></blockquote><iframe sandbox="allow-scripts" security="restricted" src="https://www.lucernatv.cz/index.php/2021/02/12/jan-zajic-pochoden-c-2/embed/#?secret=se4NvcD9iO" width="600" height="338" title="&#8222;Jan Zajíc – pochodeń č. 2&#8220; &#8212; lucernatv.cz" data-secret="se4NvcD9iO" frameborder="0" marginwidth="0" marginheight="0" scrolling="no" class="wp-embedded-content"></iframe><script type="text/javascript">
/*! This file is auto-generated */
!function(c,d){"use strict";var e=!1,o=!1;if(d.querySelector)if(c.addEventListener)e=!0;if(c.wp=c.wp||{},c.wp.receiveEmbedMessage);else if(c.wp.receiveEmbedMessage=function(e){var t=e.data;if(!t);else if(!(t.secret||t.message||t.value));else if(/[^a-zA-Z0-9]/.test(t.secret));else{for(var r,s,a,i=d.querySelectorAll('iframe[data-secret="'+t.secret+'"]'),n=d.querySelectorAll('blockquote[data-secret="'+t.secret+'"]'),o=new RegExp("^https?:$","i"),l=0;l<n.length;l++)n[l].style.display="none";for(l=0;l<i.length;l++)if(r=i[l],e.source!==r.contentWindow);else{if(r.removeAttribute("style"),"height"===t.message){if(1e3<(s=parseInt(t.value,10)))s=1e3;else if(~~s<200)s=200;r.height=s}if("link"===t.message)if(s=d.createElement("a"),a=d.createElement("a"),s.href=r.getAttribute("src"),a.href=t.value,!o.test(a.protocol));else if(a.host===s.host)if(d.activeElement===r)c.top.location.href=t.value}}},e)c.addEventListener("message",c.wp.receiveEmbedMessage,!1),d.addEventListener("DOMContentLoaded",t,!1),c.addEventListener("load",t,!1);function t(){if(o);else{o=!0;for(var e,t,r,s=-1!==navigator.appVersion.indexOf("MSIE 10"),a=!!navigator.userAgent.match(/Trident.*rv:11\./),i=d.querySelectorAll("iframe.wp-embedded-content"),n=0;n<i.length;n++){if(!(r=(t=i[n]).getAttribute("data-secret")))r=Math.random().toString(36).substr(2,10),t.src+="#?secret="+r,t.setAttribute("data-secret",r);if(s||a)(e=t.cloneNode(!0)).removeAttribute("security"),t.parentNode.replaceChild(e,t);t.contentWindow.postMessage({message:"ready",secret:r},"*")}}}}(window,document);
</script>

Krátký filmový dokument z cyklu &#8222;Sami proti zlu&#8220; věnovaný významným osobnostem Moravskoslezského kraje, jejichž životy byly zasaženy velkými dějinami. Tento díl je věnovaný tragickému příběhu Jana Zajíce (1950&#8211;1969). Svou koncepcí a krátkou stopáží je určen pro přímé využití ve vyučovací hodině na základní či střední škole. Příběh pochodně č. 2, následovníka Jana Palacha, emotivně rozkrývají&hellip;&nbsp;Číst dále &raquo;
