{"version":"1.0","provider_name":"lucernatv.cz","provider_url":"https:\/\/www.lucernatv.cz","author_name":"lucernatvc","author_url":"https:\/\/www.lucernatv.cz\/index.php\/author\/lucernatvc\/","title":"30 let SU\u0160 Ostrava \u2013 Ond\u0159ej Kub\u00edk - lucernatv.cz","type":"rich","width":600,"height":338,"html":"<blockquote class=\"wp-embedded-content\" data-secret=\"n6adLfXgej\"><a href=\"https:\/\/www.lucernatv.cz\/index.php\/2021\/02\/11\/30-let-sus-ostrava-ondrej-kubik\/\">30 let SU\u0160 Ostrava \u2013 Ond\u0159ej Kub\u00edk<\/a><\/blockquote><iframe sandbox=\"allow-scripts\" security=\"restricted\" src=\"https:\/\/www.lucernatv.cz\/index.php\/2021\/02\/11\/30-let-sus-ostrava-ondrej-kubik\/embed\/#?secret=n6adLfXgej\" width=\"600\" height=\"338\" title=\"&#8222;30 let SU\u0160 Ostrava \u2013 Ond\u0159ej Kub\u00edk&#8220; &#8212; lucernatv.cz\" data-secret=\"n6adLfXgej\" frameborder=\"0\" marginwidth=\"0\" marginheight=\"0\" scrolling=\"no\" class=\"wp-embedded-content\"><\/iframe><script type=\"text\/javascript\">\n\/*! This file is auto-generated *\/\n!function(c,d){\"use strict\";var e=!1,o=!1;if(d.querySelector)if(c.addEventListener)e=!0;if(c.wp=c.wp||{},c.wp.receiveEmbedMessage);else if(c.wp.receiveEmbedMessage=function(e){var t=e.data;if(!t);else if(!(t.secret||t.message||t.value));else if(\/[^a-zA-Z0-9]\/.test(t.secret));else{for(var r,s,a,i=d.querySelectorAll('iframe[data-secret=\"'+t.secret+'\"]'),n=d.querySelectorAll('blockquote[data-secret=\"'+t.secret+'\"]'),o=new RegExp(\"^https?:$\",\"i\"),l=0;l<n.length;l++)n[l].style.display=\"none\";for(l=0;l<i.length;l++)if(r=i[l],e.source!==r.contentWindow);else{if(r.removeAttribute(\"style\"),\"height\"===t.message){if(1e3<(s=parseInt(t.value,10)))s=1e3;else if(~~s<200)s=200;r.height=s}if(\"link\"===t.message)if(s=d.createElement(\"a\"),a=d.createElement(\"a\"),s.href=r.getAttribute(\"src\"),a.href=t.value,!o.test(a.protocol));else if(a.host===s.host)if(d.activeElement===r)c.top.location.href=t.value}}},e)c.addEventListener(\"message\",c.wp.receiveEmbedMessage,!1),d.addEventListener(\"DOMContentLoaded\",t,!1),c.addEventListener(\"load\",t,!1);function t(){if(o);else{o=!0;for(var e,t,r,s=-1!==navigator.appVersion.indexOf(\"MSIE 10\"),a=!!navigator.userAgent.match(\/Trident.*rv:11\\.\/),i=d.querySelectorAll(\"iframe.wp-embedded-content\"),n=0;n<i.length;n++){if(!(r=(t=i[n]).getAttribute(\"data-secret\")))r=Math.random().toString(36).substr(2,10),t.src+=\"#?secret=\"+r,t.setAttribute(\"data-secret\",r);if(s||a)(e=t.cloneNode(!0)).removeAttribute(\"security\"),t.parentNode.replaceChild(e,t);t.contentWindow.postMessage({message:\"ready\",secret:r},\"*\")}}}}(window,document);\n<\/script>\n","thumbnail_url":"https:\/\/www.lucernatv.cz\/wp-content\/uploads\/2021\/01\/Vi\u0300ber-prac\u00a1-Kubik_Stra\u0301nka_23.jpg","thumbnail_width":4961,"thumbnail_height":3508,"description":"Ond\u0159ej Kub\u00edk o\u010dima Martina Mikol\u00e1\u0161ka Od doby, kdy se na po\u010d\u00e1tku 20. stolet\u00ed stal z&nbsp;um\u011bleck\u00e9ho \u0159emesla modern\u00ed design, se na jeho z\u00e1kladn\u00edch principech vyty\u010den\u00fdch u\u017e u\u010diteli a \u017e\u00e1ky n\u011bmeck\u00e9ho Bauhausu p\u0159\u00edli\u0161 nezm\u011bnilo. Prostor, v&nbsp;n\u011bm\u017e se design\u00e9\u0159i i dnes pohybuj\u00ed, je vykol\u00edkov\u00e1n pom\u011brn\u011b jednozna\u010dn\u011b \u2013 na jedn\u00e9 stran\u011b zde dominuje souzvuk formy a funkce, na stran\u011b&hellip;&nbsp;\u010c\u00edst d\u00e1le &raquo;"}

30 let SUŠ Ostrava – Ondřej Kubík - lucernatv.cz

<blockquote class="wp-embedded-content" data-secret="n6adLfXgej"><a href="https://www.lucernatv.cz/index.php/2021/02/11/30-let-sus-ostrava-ondrej-kubik/">30 let SUŠ Ostrava – Ondřej Kubík</a></blockquote><iframe sandbox="allow-scripts" security="restricted" src="https://www.lucernatv.cz/index.php/2021/02/11/30-let-sus-ostrava-ondrej-kubik/embed/#?secret=n6adLfXgej" width="600" height="338" title="&#8222;30 let SUŠ Ostrava – Ondřej Kubík&#8220; &#8212; lucernatv.cz" data-secret="n6adLfXgej" frameborder="0" marginwidth="0" marginheight="0" scrolling="no" class="wp-embedded-content"></iframe><script type="text/javascript">
/*! This file is auto-generated */
!function(c,d){"use strict";var e=!1,o=!1;if(d.querySelector)if(c.addEventListener)e=!0;if(c.wp=c.wp||{},c.wp.receiveEmbedMessage);else if(c.wp.receiveEmbedMessage=function(e){var t=e.data;if(!t);else if(!(t.secret||t.message||t.value));else if(/[^a-zA-Z0-9]/.test(t.secret));else{for(var r,s,a,i=d.querySelectorAll('iframe[data-secret="'+t.secret+'"]'),n=d.querySelectorAll('blockquote[data-secret="'+t.secret+'"]'),o=new RegExp("^https?:$","i"),l=0;l<n.length;l++)n[l].style.display="none";for(l=0;l<i.length;l++)if(r=i[l],e.source!==r.contentWindow);else{if(r.removeAttribute("style"),"height"===t.message){if(1e3<(s=parseInt(t.value,10)))s=1e3;else if(~~s<200)s=200;r.height=s}if("link"===t.message)if(s=d.createElement("a"),a=d.createElement("a"),s.href=r.getAttribute("src"),a.href=t.value,!o.test(a.protocol));else if(a.host===s.host)if(d.activeElement===r)c.top.location.href=t.value}}},e)c.addEventListener("message",c.wp.receiveEmbedMessage,!1),d.addEventListener("DOMContentLoaded",t,!1),c.addEventListener("load",t,!1);function t(){if(o);else{o=!0;for(var e,t,r,s=-1!==navigator.appVersion.indexOf("MSIE 10"),a=!!navigator.userAgent.match(/Trident.*rv:11\./),i=d.querySelectorAll("iframe.wp-embedded-content"),n=0;n<i.length;n++){if(!(r=(t=i[n]).getAttribute("data-secret")))r=Math.random().toString(36).substr(2,10),t.src+="#?secret="+r,t.setAttribute("data-secret",r);if(s||a)(e=t.cloneNode(!0)).removeAttribute("security"),t.parentNode.replaceChild(e,t);t.contentWindow.postMessage({message:"ready",secret:r},"*")}}}}(window,document);
</script>

Ondřej Kubík očima Martina Mikoláška Od doby, kdy se na počátku 20. století stal z&nbsp;uměleckého řemesla moderní design, se na jeho základních principech vytyčených už učiteli a žáky německého Bauhausu příliš nezměnilo. Prostor, v&nbsp;němž se designéři i dnes pohybují, je vykolíkován poměrně jednoznačně – na jedné straně zde dominuje souzvuk formy a funkce, na straně&hellip;&nbsp;Číst dále &raquo;
