{"version":"1.0","provider_name":"lucernatv.cz","provider_url":"https:\/\/www.lucernatv.cz","author_name":"lucernatvc","author_url":"https:\/\/www.lucernatv.cz\/index.php\/author\/lucernatvc\/","title":"30 let SU\u0160 Ostrava \u2013 Jan Drobisz - lucernatv.cz","type":"rich","width":600,"height":338,"html":"<blockquote class=\"wp-embedded-content\" data-secret=\"pXzJMZA1hQ\"><a href=\"https:\/\/www.lucernatv.cz\/index.php\/2021\/02\/11\/30-let-sus-ostrava-jan-drobisz\/\">30 let SU\u0160 Ostrava \u2013 Jan Drobisz<\/a><\/blockquote><iframe sandbox=\"allow-scripts\" security=\"restricted\" src=\"https:\/\/www.lucernatv.cz\/index.php\/2021\/02\/11\/30-let-sus-ostrava-jan-drobisz\/embed\/#?secret=pXzJMZA1hQ\" width=\"600\" height=\"338\" title=\"&#8222;30 let SU\u0160 Ostrava \u2013 Jan Drobisz&#8220; &#8212; lucernatv.cz\" data-secret=\"pXzJMZA1hQ\" frameborder=\"0\" marginwidth=\"0\" marginheight=\"0\" scrolling=\"no\" class=\"wp-embedded-content\"><\/iframe><script type=\"text\/javascript\">\n\/*! This file is auto-generated *\/\n!function(c,d){\"use strict\";var e=!1,o=!1;if(d.querySelector)if(c.addEventListener)e=!0;if(c.wp=c.wp||{},c.wp.receiveEmbedMessage);else if(c.wp.receiveEmbedMessage=function(e){var t=e.data;if(!t);else if(!(t.secret||t.message||t.value));else if(\/[^a-zA-Z0-9]\/.test(t.secret));else{for(var r,s,a,i=d.querySelectorAll('iframe[data-secret=\"'+t.secret+'\"]'),n=d.querySelectorAll('blockquote[data-secret=\"'+t.secret+'\"]'),o=new RegExp(\"^https?:$\",\"i\"),l=0;l<n.length;l++)n[l].style.display=\"none\";for(l=0;l<i.length;l++)if(r=i[l],e.source!==r.contentWindow);else{if(r.removeAttribute(\"style\"),\"height\"===t.message){if(1e3<(s=parseInt(t.value,10)))s=1e3;else if(~~s<200)s=200;r.height=s}if(\"link\"===t.message)if(s=d.createElement(\"a\"),a=d.createElement(\"a\"),s.href=r.getAttribute(\"src\"),a.href=t.value,!o.test(a.protocol));else if(a.host===s.host)if(d.activeElement===r)c.top.location.href=t.value}}},e)c.addEventListener(\"message\",c.wp.receiveEmbedMessage,!1),d.addEventListener(\"DOMContentLoaded\",t,!1),c.addEventListener(\"load\",t,!1);function t(){if(o);else{o=!0;for(var e,t,r,s=-1!==navigator.appVersion.indexOf(\"MSIE 10\"),a=!!navigator.userAgent.match(\/Trident.*rv:11\\.\/),i=d.querySelectorAll(\"iframe.wp-embedded-content\"),n=0;n<i.length;n++){if(!(r=(t=i[n]).getAttribute(\"data-secret\")))r=Math.random().toString(36).substr(2,10),t.src+=\"#?secret=\"+r,t.setAttribute(\"data-secret\",r);if(s||a)(e=t.cloneNode(!0)).removeAttribute(\"security\"),t.parentNode.replaceChild(e,t);t.contentWindow.postMessage({message:\"ready\",secret:r},\"*\")}}}}(window,document);\n<\/script>\n","thumbnail_url":"https:\/\/www.lucernatv.cz\/wp-content\/uploads\/2021\/01\/port_jan_1-01.jpg","thumbnail_width":1000,"thumbnail_height":707,"description":"Jan Drobisz o\u010dima Martina Mikol\u00e1\u0161ka \u201eS pozdravem V\u00e1\u0161 kolemjdouc\u00ed vlk\u201c \u2013 n\u011bjak takhle zakon\u010dil reflexi sv\u00e9 aktu\u00e1ln\u00ed um\u011bleck\u00e9 pr\u00e1ce ji\u017e del\u0161\u00ed dobu absolvent SU\u0160 Ostrava Jan Drobisz. V roce 2011 dokon\u010dil studium oboru Grafick\u00fd design, zam\u011b\u0159en\u00ed na kresbu a ilustraci. Ji\u017e b\u011bhem studi\u00ed na \u201esu\u0161ce\u201c bylo pro jeho v\u00fdtvarn\u00e9 hled\u00e1n\u00ed typick\u00e9 siln\u00e9 zaujet\u00ed. I p\u0159es&hellip;&nbsp;\u010c\u00edst d\u00e1le &raquo;"}

30 let SUŠ Ostrava – Jan Drobisz - lucernatv.cz

<blockquote class="wp-embedded-content" data-secret="pXzJMZA1hQ"><a href="https://www.lucernatv.cz/index.php/2021/02/11/30-let-sus-ostrava-jan-drobisz/">30 let SUŠ Ostrava – Jan Drobisz</a></blockquote><iframe sandbox="allow-scripts" security="restricted" src="https://www.lucernatv.cz/index.php/2021/02/11/30-let-sus-ostrava-jan-drobisz/embed/#?secret=pXzJMZA1hQ" width="600" height="338" title="&#8222;30 let SUŠ Ostrava – Jan Drobisz&#8220; &#8212; lucernatv.cz" data-secret="pXzJMZA1hQ" frameborder="0" marginwidth="0" marginheight="0" scrolling="no" class="wp-embedded-content"></iframe><script type="text/javascript">
/*! This file is auto-generated */
!function(c,d){"use strict";var e=!1,o=!1;if(d.querySelector)if(c.addEventListener)e=!0;if(c.wp=c.wp||{},c.wp.receiveEmbedMessage);else if(c.wp.receiveEmbedMessage=function(e){var t=e.data;if(!t);else if(!(t.secret||t.message||t.value));else if(/[^a-zA-Z0-9]/.test(t.secret));else{for(var r,s,a,i=d.querySelectorAll('iframe[data-secret="'+t.secret+'"]'),n=d.querySelectorAll('blockquote[data-secret="'+t.secret+'"]'),o=new RegExp("^https?:$","i"),l=0;l<n.length;l++)n[l].style.display="none";for(l=0;l<i.length;l++)if(r=i[l],e.source!==r.contentWindow);else{if(r.removeAttribute("style"),"height"===t.message){if(1e3<(s=parseInt(t.value,10)))s=1e3;else if(~~s<200)s=200;r.height=s}if("link"===t.message)if(s=d.createElement("a"),a=d.createElement("a"),s.href=r.getAttribute("src"),a.href=t.value,!o.test(a.protocol));else if(a.host===s.host)if(d.activeElement===r)c.top.location.href=t.value}}},e)c.addEventListener("message",c.wp.receiveEmbedMessage,!1),d.addEventListener("DOMContentLoaded",t,!1),c.addEventListener("load",t,!1);function t(){if(o);else{o=!0;for(var e,t,r,s=-1!==navigator.appVersion.indexOf("MSIE 10"),a=!!navigator.userAgent.match(/Trident.*rv:11\./),i=d.querySelectorAll("iframe.wp-embedded-content"),n=0;n<i.length;n++){if(!(r=(t=i[n]).getAttribute("data-secret")))r=Math.random().toString(36).substr(2,10),t.src+="#?secret="+r,t.setAttribute("data-secret",r);if(s||a)(e=t.cloneNode(!0)).removeAttribute("security"),t.parentNode.replaceChild(e,t);t.contentWindow.postMessage({message:"ready",secret:r},"*")}}}}(window,document);
</script>

Jan Drobisz očima Martina Mikoláška „S pozdravem Váš kolemjdoucí vlk“ – nějak takhle zakončil reflexi své aktuální umělecké práce již delší dobu absolvent SUŠ Ostrava Jan Drobisz. V roce 2011 dokončil studium oboru Grafický design, zaměření na kresbu a ilustraci. Již během studií na „sušce“ bylo pro jeho výtvarné hledání typické silné zaujetí. I přes&hellip;&nbsp;Číst dále &raquo;
